Let r = -5 + x. Suppose -3*g + 6*g - 30 = r. What is the greatest common divisor of g and 40?
10
Suppose 0 = 2*l + l - 33. Let c be (1*-7)/(-1 + 40/44). Calculate the highest common factor of l and c.
11
Let b(z) = 20*z + 5. Let u be b(4). Suppose -3*s - 14 + 131 = 5*d, -5*s = -5*d + u. What is the greatest common factor of 14 and d?
7
Suppose -2*j = -4*j + 140. Suppose 3*z - 4*z = -j. Suppose 5*t + 2*n = z, 4*n - 29 = -2*t + 3*n. Calculate the highest common divisor of t and 18.
6
Let m be (-6)/(-7)*((-34)/(-4) - 5). Calculate the greatest common factor of 24 and m.
3
Suppose -h + 0*h + 5 = 0. Suppose -4*d = -4*l - 100, 198 = h*d + l + 43. Suppose -3*k = 2*k - 75. Calculate the highest common factor of k and d.
15
Let b be (10 + -9)*(2 + -1). Calculate the greatest common divisor of 1 and b.
1
Let y(g) be the second derivative of 7*g**3/6 - g**2 - 2*g. Let l be y(2). Calculate the highest common factor of 48 and l.
12
Let r be (-48)/(-2)*(-2)/(-6). Suppose 0 = 3*i - r + 2. Let q = 7 - i. What is the highest common divisor of 40 and q?
5
Suppose t - 18 = 18. Calculate the highest common factor of 9 and t.
9
Let a(p) = -p - 2. Let b be a(-6). Suppose -v + 3 + 0 = 0. Suppose -b = -v*c + 11. Calculate the greatest common factor of 5 and c.
5
Let s = 130 + -98. What is the highest common divisor of 64 and s?
32
Let w(p) = -2*p**2 + 3*p**2 - 2*p + 4*p + 0*p**2. Let y be w(2). What is the highest common factor of 4 and y?
4
Suppose 0*d = k - 2*d - 212, 0 = -2*k - 2*d + 436. Calculate the highest common divisor of k and 8.
8
Let f be 0/(0 - 1) - -27. Let t(y) = -2*y + 21. Let v be t(9). Calculate the greatest common factor of v and f.
3
Let m = 25 - 11. Let g be -7 - -5 - (-1 + 3). Let p = m + g. What is the greatest common factor of 70 and p?
10
Suppose 0 = -6*p + 101 - 5. Let j = 2 - -4. Let c = -4 + j. Calculate the highest common factor of c and p.
2
Let b(q) = -q - 2. Let n be b(-3). Let s be -3*n/(9/(-6)). Suppose -2*k = -4*v + 512, s*v + 0*v - 272 = 5*k. What is the highest common factor of v and 14?
14
Let p = 78 + -68. What is the highest common divisor of 110 and p?
10
Let x = -126 - -143. What is the greatest common factor of x and 119?
17
Suppose 37 - 12 = 5*j. Suppose 2*g + 3 = 11. Suppose r - 58 = -g*a - 17, -a + 79 = 3*r. What is the greatest common divisor of r and j?
5
Let i = 376 + -268. What is the greatest common divisor of i and 24?
12
Suppose 2*z = 2*b - 2*z + 12, 3*b - z = 7. Suppose 4*u - 5*q = -b + 287, -3*u + 226 = -q. What is the highest common factor of 11 and u?
11
Suppose 3*j + 14 = 5*w, -2*j - 10 = -7*j. Let u(a) = -7*a. Let m be u(-7). Let y = m - 29. Calculate the highest common factor of w and y.
4
Suppose t = 2*v + v - 24, 0 = 2*v + t - 16. Calculate the greatest common divisor of v and 64.
8
Suppose 4*h - 12 = h. What is the greatest common factor of 4 and h?
4
Suppose -5*i + 3*v = 5*v - 20, 4*v = 4*i - 16. Let n be 4/(-3)*30/(-4). What is the highest common divisor of i and n?
2
Let u be (-1)/(1 + (-38)/36). Suppose 36 = 2*p - u. Let t = 23 - 14. What is the highest common factor of t and p?
9
Let b = 171 - 80. Let d(f) = f**3 - 8*f**2 - 3*f + 3. Let n be d(8). Let c = n + 34. Calculate the highest common divisor of b and c.
13
Suppose -2*y + 22 = -5*q, -3*y + 3*q + 24 = -0*q. Let p(l) = l. Let r be p(y). What is the greatest common factor of 30 and r?
6
Let k = 28 - 14. Calculate the greatest common factor of 2 and k.
2
Let z = -13 - -18. What is the greatest common factor of 40 and z?
5
Let n = 31 + -16. Suppose -2*k = -w + 2*k + 145, 0 = -3*w + k + 490. What is the greatest common divisor of w and n?
15
Let h = 186 - 167. What is the highest common factor of 76 and h?
19
Let x(z) = -z + 2. Let f be x(0). Let v be (0 - f) + (2 - -22). Calculate the greatest common factor of 11 and v.
11
Let h be 4 + -2 + (1 - -2). Suppose -h*p + 28 = -22. Calculate the greatest common divisor of 2 and p.
2
Let l = 312 + -219. Calculate the highest common factor of 31 and l.
31
Let s(w) = 40*w**2 - 3*w - 2. Let h be s(-4). Suppose 5*v = -150 + h. Calculate the greatest common divisor of v and 40.
20
Suppose -2*r + 103 = -149. Suppose -d - 3*q = 605, -4*d + 5*q - 2276 = 161. Let k be (-4)/(-22) - d/44. Calculate the highest common factor of r and k.
14
Suppose 343 = 3*j - 5*n - 406, n = -4*j + 968. Suppose t = -2*t + j. Calculate the greatest common divisor of t and 9.
9
Let r = -84 - -132. Suppose 4*o + o = 2*m + 70, 0 = -4*o + 2*m + 58. Calculate the greatest common factor of o and r.
12
Let z(x) = -x**3 - 6*x**2 + 4*x - 5. Let s be z(-7). Calculate the greatest common divisor of s and 48.
16
Let h be 4/(-10) + (-333)/(-45). What is the greatest common divisor of h and 14?
7
Suppose 0 = -5*n - 10, 2*o - 5*n - 13 = -1. Let a(k) = 16*k - 1. Let w be a(o). Calculate the highest common divisor of 3 and w.
3
Let l be -1 - (10/25 - (-267)/(-5)). Calculate the greatest common divisor of l and 130.
26
Let m(y) = -y**2 + 8*y - 8. Let k be m(6). Suppose k*i - 160 = 3*i. What is the highest common divisor of 20 and i?
20
Let j = -11 - -7. Let m be (j/4)/(1/(-10)). What is the greatest common factor of 30 and m?
10
Let k(j) = -3*j**3 - j - 1. Suppose -z = -1 + 2. Let c be k(z). Calculate the greatest common factor of c and 1.
1
Suppose 4*m - 88 - 24 = 0. Suppose -52 - 116 = -4*z. Calculate the greatest common divisor of m and z.
14
Let y be ((-36)/(-15))/(9/60). What is the greatest common factor of y and 2?
2
Let w be 35 + -32 + 6*7. What is the highest common divisor of 20 and w?
5
Let h(q) = q**3 - 6*q**2 - 6*q - 5. Let a be h(7). Suppose -3*s - 29 = -a*u, -2*u - 2*s + 36 = 2*s. What is the greatest common divisor of u and 80?
16
Suppose 0 = 3*n - 5*p + p - 90, -4*n + 120 = p. What is the greatest common factor of 75 and n?
15
Suppose 26 = 4*d + 6. Let r = d - 3. Calculate the greatest common divisor of r and 22.
2
Suppose 0 = 3*q + 5*g - 272 + 112, 0 = 5*q - 5*g - 320. Let t(p) = -3*p + 33. Let l be t(7). What is the highest common divisor of l and q?
12
Suppose 5*f + 4*k - 150 = 0, f + 0*f - 46 = -4*k. What is the greatest common factor of f and 39?
13
Suppose 0*f - 4 = -f. Suppose f*y + y - 60 = 0. Let q = y - 6. Calculate the greatest common divisor of 24 and q.
6
Suppose -7 = 3*b + 2*c, c + 9 = -3*b - 2. Let u = 11 + b. What is the highest common factor of 3 and u?
3
Let o(y) = 10*y**2 + y + 1. Let l be o(-2). What is the highest common factor of l and 26?
13
Let b be (-36)/15 + 2/5. Let c be -2*-43*1/b. Let q = -22 - c. Calculate the highest common factor of q and 14.
7
Let i = -1 + 6. Suppose -7*y + 2*y = -i. What is the greatest common factor of 11 and y?
1
Let c = 166 - 82. Calculate the greatest common divisor of 12 and c.
12
Let d = -36 + 66. Calculate the greatest common factor of 12 and d.
6
Let z be 2/1 - (-2 - 1). Let b(c) = 10*c + 10. Let x be b(z). Calculate the greatest common divisor of x and 15.
15
Let k be (22/(-4))/((-3)/6). Suppose 5*j - k = 9. Suppose f - 6 + 4 = 0. What is the highest common divisor of f and j?
2
Suppose 5*s - 28 = s. Suppose 0 = s*w - 2*w + n + 77, -5*w - 4*n = 68. Let p = w - -34. Calculate the greatest common factor of p and 18.
18
Let d = 2 + 1. Suppose 0*y - y + d = 0. Suppose 50 = y*i + u, 5*i + 4*u = -u + 100. What is the highest common divisor of i and 45?
15
Let z = 41 - 7. Suppose 2*o - 50 = z. What is the greatest common divisor of o and 6?
6
Suppose l = 40 + 51. Let t(b) = -4*b - 7. Let d(h) = -2*h + 1. Let g be d(3). Let v be t(g). What is the greatest common factor of l and v?
13
Let q be -2 + (-1 + -1 - -169). Let y be ((-6)/(-5))/(2/100). Suppose y = 5*p - p. What is the greatest common divisor of q and p?
15
Suppose -2*g + 4 = x, -10 = 4*x - 2*x - 2*g. Let p be -2*2/x + 34. What is the highest common factor of p and 9?
9
Suppose -6*d - 2*l = -3*d - 74, -l = 2. Let u(o) = -o**3 - 7*o**2 - 3*o + 5. Let q be u(-7). Suppose 3*f - q = f. What is the highest common factor of d and f?
13
Let z = 10 + -217. Let x be z*((-3)/1 + 2). What is the greatest common divisor of x and 23?
23
Let k be 7 - (1 + 1)/1. Suppose q + 6*j - 2 = 3*j, -q - k*j = 4. Let i(z) = -2*z + 77. Let l be i(0). What is the highest common divisor of q and l?
11
Suppose 10 = z - 12. Calculate the highest common d